
3, 809, 514769
List the prime factors of 537037725.
3, 5, 7, 1022929
What are the prime factors of 264122807?
13, 29, 700591
What are the prime factors of 115789236?
2, 3, 2099, 4597
List the prime factors of 565517797.
13, 41, 173, 6133
What are the prime factors of 394234055?
5, 359, 219629
What are the prime factors of 487448779?
173, 2817623
List the prime factors of 7119520.
2, 5, 44497
List the prime factors of 152353795.
5, 11, 389, 7121
List the prime factors of 797495175.
3, 5, 151, 23473
List the prime factors of 443122588.
2, 41, 2701967
What are the prime factors of 268342580?
2, 5, 11, 1219739
What are the prime factors of 6780876879?
3, 7, 322898899
What are the prime factors of 262064006?
2, 337, 503, 773
What are the prime factors of 175202407?
175202407
What are the prime factors of 583236718?
2, 291618359
What are the prime factors of 42838428?
2, 3, 3569869
List the prime factors of 142238288.
2, 8889893
What are the prime factors of 204734669?
3719, 55051
What are the prime factors of 2258848129?
2258848129
List the prime factors of 72761379.
3, 24253793
List the prime factors of 3263358854.
2, 7, 233097061
What are the prime factors of 215977095?
3, 5, 17, 103, 2741
What are the prime factors of 1283988022?
2, 641994011
What are the prime factors of 298528212?
2, 3, 977, 25463
List the prime factors of 1989351385.
5, 7, 433, 131267
List the prime factors of 690402098.
2, 345201049
What are the prime factors of 5357459229?
3, 1785819743
List the prime factors of 82494349.
7, 37, 233, 1367
What are the prime factors of 916337400?
2, 3, 5, 11, 17, 8167
What are the prime factors of 47717817?
3, 7, 79, 587
What are the prime factors of 550181603?
43, 12794921
List the prime factors of 92405864.
2, 67, 172399
What are the prime factors of 138402?
2, 3, 11, 233
List the prime factors of 58725726.
2, 3, 73, 134077
What are the prime factors of 243556914?
2, 3, 47, 271, 3187
List the prime factors of 192959911.
17, 11350583
List the prime factors of 1605506711.
311, 953, 5417
What are the prime factors of 420523397?
7, 1217, 49363
What are the prime factors of 862659886?
2, 11, 59, 311, 2137
List the prime factors of 34025902.
2, 17012951
List the prime factors of 395691309.
3, 13, 113, 173
List the prime factors of 579543666.
2, 3, 13, 59, 125933
What are the prime factors of 31288304?
2, 937, 2087
List the prime factors of 133266843.
3, 4935809
What are the prime factors of 78706551?
3, 7, 11, 29, 31, 379
What are the prime factors of 611080225?
5, 7, 71263
List the prime factors of 7643427581.
1097, 6967573
What are the prime factors of 61458257?
7, 131, 67021
List the prime factors of 15951169.
13, 109, 11257
What are the prime factors of 1103221689?
3, 367740563
List the prime factors of 1469440527.
3, 29, 79, 213799
List the prime factors of 141890812.
2, 7, 701, 7229
What are the prime factors of 33024457?
33024457
List the prime factors of 339516850.
2, 5, 61, 111317
List the prime factors of 5858070890.
2, 5, 7, 5261, 15907
What are the prime factors of 6673078139?
7, 13, 73330529
List the prime factors of 363576891.
3, 359, 337583
What are the prime factors of 1067410640?
2, 5, 857, 15569
List the prime factors of 46388103.
3, 1303, 11867
What are the prime factors of 9076989888?
2, 3, 71, 221953
List the prime factors of 819183275.
5, 32767331
List the prime factors of 66464958.
2, 3, 7, 353, 4483
List the prime factors of 2111047059.
3, 11, 607, 105389
What are the prime factors of 6598491859?
6598491859
What are the prime factors of 297788682?
2, 3, 23, 353, 6113
What are the prime factors of 2396420961?
3, 11, 19, 313, 12211
What are the prime factors of 34878917?
17, 2051701
What are the prime factors of 256063143?
3, 7, 12193483
What are the prime factors of 2163132608?
2, 7, 13, 371417
List the prime factors of 1906739985.
3, 5, 293, 467, 929
What are the prime factors of 914678192?
2, 1103, 51829
List the prime factors of 16321374.
2, 3, 29, 31267
What are the prime factors of 786622296?
2, 3, 32775929
List the prime factors of 635801725.
5, 13, 1956313
What are the prime factors of 319048112?
2, 17, 967, 1213
List the prime factors of 304204624.
2, 23, 127, 283
List the prime factors of 1015794919.
29, 83, 503, 839
List the prime factors of 98931387.
3, 113, 291833
What are the prime factors of 44429795?
5, 8885959
What are the prime factors of 54753973?
1499, 36527
What are the prime factors of 292978269?
3, 10851047
List the prime factors of 41538435.
3, 5, 197, 14057
List the prime factors of 2673170.
2, 5, 267317
List the prime factors of 32289055.
5, 6457811
List the prime factors of 147160902.
2, 3, 7, 3503831
What are the prime factors of 24119168?
2, 188431
List the prime factors of 282811302.
2, 3, 15711739
What are the prime factors of 260161054?
2, 2903, 44809
List the prime factors of 399591647.
7, 13, 17, 43, 6007
What are the prime factors of 96818209?
1117, 86677
What are the prime factors of 1928216992?
2, 13, 356549
What are the prime factors of 445548292?
2, 7, 131, 121469
What are the prime factors of 26385577?
23, 157, 7307
What are the prime factors of 3361577978?
2, 11, 29, 383, 13757
What are the prime factors of 1421887173?
3, 7, 19, 173, 20599
List the prime factors of 5823193973.
5823193973
List the prime factors of 42051565.
5, 8410313
List the prime factors of 1765050855.
3, 5, 3049, 38593
What are the prime factors of 5100790474?
2, 13, 37, 173, 30649
List the prime factors of 3066458.
2, 31, 49459
List the prime factors of 7246143.
3, 29, 27763
What are the prime factors of 65560297?
11, 5960027
What are the prime factors of 106306535?
5, 43, 503, 983
What are the prime factors of 93532815?
3, 5, 2078507
List the prime factors of 11275190.
2, 5, 641, 1759
What are the prime factors of 139447647?
3, 61, 254003
List the prime factors of 35101108.
2, 7, 61, 20551
What are the prime factors of 98838726?
2, 3, 7, 31, 75913
List the prime factors of 194121248.
2, 691, 8779
List the prime factors of 699064421.
11, 37, 1717603
List the prime factors of 26278810.
2, 5, 109, 24109
List the prime factors of 338867254.
2, 11, 83, 151, 1229
What are the prime factors of 38649697?
83, 465659
List the prime factors of 435753916.
2, 13, 43, 53, 3677
What are the prime factors of 102202829?
102202829
List the prime factors of 1393001720.
2, 5, 11, 19, 166627
What are the prime factors of 4425604?
2, 1106401
What are the prime factors of 7835571984?
2, 3, 6421, 25423
List the prime factors of 4947829602.
2, 3, 824638267
List the prime factors of 101234340.
2, 3, 5, 187471
List the prime factors of 34627469.
34627469
What are the prime factors of 13876984?
2, 11, 103, 1531
What are the prime factors of 10388287?
7, 13, 114157
What are the prime factors of 46745826?
2, 3, 89, 87539
List the prime factors of 83599657.
1033, 80929
What are the prime factors of 5615510?
2, 5, 561551
What are the prime factors of 301160068?
2, 11, 23, 297589
What are the prime factors of 1931723527?
1931723527
What are the prime factors of 4372711619?
113, 1283, 30161
What are the prime factors of 366398596?
2, 479, 191231
List the prime factors of 112783205.
5, 53, 61, 6977
What are the prime factors of 92331473?
13, 101, 70321
List the prime factors of 7539638276.
2, 1884909569
What are the prime factors of 1907947352?
2, 29, 431, 19081
List the prime factors of 7454640601.
37, 83, 2427431
What are the prime factors of 214580229?
3, 71526743
List the prime factors of 1714378796.
2, 13, 32968823
What are the prime factors of 117447164?
2, 149, 197059
What are the prime factors of 115024496?
2, 659, 10909
List the prime factors of 404160716.
2, 101040179
List the prime factors of 263969749.
67, 107, 36821
List the prime factors of 374236323.
3, 124745441
What are the prime factors of 516776026?
2, 13, 19876001
List the prime factors of 576526264.
2, 29, 2485027
What are the prime factors of 1007495276?
2, 17, 61, 242887
List the prime factors of 4332001805.
5, 19, 2400001
List the prime factors of 79778206.
2, 39889103
What are the prime factors of 167996072?
2, 29, 724121
What are the prime factors of 80618080?
2, 5, 17, 107, 277
List the prime factors of 40818892.
2, 29, 351887
What are the prime factors of 1037562